1691
What is the remainder when 85077741 is divided by 48?
45
What is the remainder when 124704570 is divided by 5443?
5440
Calculate the remainder when 126365 is divided by 655.
605
What is the remainder when 166133 is divided by 1318?
65
Calculate the remainder when 46165601 is divided by 341.
339
Calculate the remainder when 529941 is divided by 125.
66
What is the remainder when 91158784 is divided by 124?
60
Calculate the remainder when 2133719 is divided by 1066854.
11
Calculate the remainder when 1519730 is divided by 759843.
44
What is the remainder when 20651055 is divided by 168?
159
Calculate the remainder when 552550 is divided by 34528.
102
Calculate the remainder when 53776321 is divided by 57824.
1
Calculate the remainder when 39977737 is divided by 10551.
10549
What is the remainder when 26630 is divided by 1394?
144
What is the remainder when 10977735 is divided by 154?
153
Calculate the remainder when 1237891774 is divided by 704.
702
Calculate the remainder when 2168972 is divided by 13467.
785
Calculate the remainder when 33913 is divided by 33710.
203
What is the remainder when 2756102 is divided by 556?
10
What is the remainder when 1134019852 is divided by 423?
421
Calculate the remainder when 1128903 is divided by 22135.
18
What is the remainder when 2001932 is divided by 990?
152
What is the remainder when 303630 is divided by 303619?
11
What is the remainder when 117889915 is divided by 39296631?
22
What is the remainder when 31214528 is divided by 10404842?
2
Calculate the remainder when 1153290 is divided by 2257.
2220
What is the remainder when 146674 is divided by 1027?
840
Calculate the remainder when 1760039 is divided by 103527.
80
What is the remainder when 3870747 is divided by 348?
291
What is the remainder when 263752 is divided by 43947?
70
What is the remainder when 1676032 is divided by 2870?
2822
Calculate the remainder when 283222 is divided by 3174.
736
Calculate the remainder when 4822157 is divided by 803688.
29
Calculate the remainder when 173997 is divided by 3320.
1357
Calculate the remainder when 36402325 is divided by 3557.
3544
What is the remainder when 1587269 is divided by 399?
47
Calculate the remainder when 77141611 is divided by 1055.
11
What is the remainder when 5715847 is divided by 154?
137
What is the remainder when 12661 is divided by 6001?
659
Calculate the remainder when 3461428 is divided by 26.
22
What is the remainder when 4306112 is divided by 5651?
50
Calculate the remainder when 2506696 is divided by 146.
22
What is the remainder when 90989323 is divided by 72?
43
Calculate the remainder when 3856477 is divided by 155.
77
Calculate the remainder when 61184 is divided by 1987.
1574
Calculate the remainder when 36272 is divided by 5569.
2858
Calculate the remainder when 219743799 is divided by 179.
177
Calculate the remainder when 1651861 is divided by 649.
156
What is the remainder when 6906687 is divided by 63364?
11
Calculate the remainder when 21607843 is divided by 10202.
7
What is the remainder when 5615282 is divided by 788?
782
Calculate the remainder when 154548 is divided by 26.
4
Calculate the remainder when 459899 is divided by 2383.
2363
What is the remainder when 130487 is divided by 2418?
2333
Calculate the remainder when 1392647 is divided by 10550.
47
Calculate the remainder when 9099261 is divided by 503.
494
Calculate the remainder when 170767 is divided by 13846.
4615
Calculate the remainder when 73264535 is divided by 157.
14
Calculate the remainder when 13353137 is divided by 40464.
17
Calculate the remainder when 64361837 is divided by 58.
49
What is the remainder when 70222128 is divided by 9?
6
What is the remainder when 345576 is divided by 6282?
66
Calculate the remainder when 9946823 is divided by 2503.
2404
Calculate the remainder when 6498 is divided by 164.
102
Calculate the remainder when 468925 is divided by 9977.
6
What is the remainder when 51408621 is divided by 445?
441
What is the remainder when 258162 is divided by 36686?
1360
What is the remainder when 4636140 is divided by 56?
12
What is the remainder when 14197 is divided by 13564?
633
What is the remainder when 44346281 is divided by 168?
161
Calculate the remainder when 99991070 is divided by 24997762.
22
Calculate the remainder when 10813 is divided by 5223.
367
What is the remainder when 4766957 is divided by 47197?
60
What is the remainder when 54027 is divided by 1317?
30
Calculate the remainder when 3629847 is divided by 2374.
1
What is the remainder when 930037 is divided by 1806?
1753
What is the remainder when 1948452 is divided by 71?
70
What is the remainder when 3086491 is divided by 410?
11
What is the remainder when 9328372 is divided by 87181?
5
What is the remainder when 112037 is divided by 222?
149
Calculate the remainder when 8714741 is divided by 249.
239
Calculate the remainder when 127514236 is divided by 107.
89
Calculate the remainder when 2088425 is divided by 21.
17
What is the remainder when 62547134 is divided by 94?
4
Calculate the remainder when 7848916 is divided by 789.
733
What is the remainder when 2187201098 is divided by 175?
173
Calculate the remainder when 7579050 is divided by 156.
102
Calculate the remainder when 1034915 is divided by 1864.
395
Calculate the remainder when 571194 is divided by 81591.
57
What is the remainder when 34502966 is divided by 43?
24
Calculate the remainder when 17065 is divided by 1204.
209
What is the remainder when 1156286 is divided by 385271?
473
What is the remainder when 2070508 is divided by 7555?
438
What is the remainder when 16799988 is divided by 38009?
10
What is the remainder when 118339 is divided by 661?
20
Calculate the remainder when 300716 is divided by 1331.
1241
What is the remainder when 317509 is divided by 76?
57
What is the remainder when 895305 is divided by 531?
39
What is the remainder when 191943 is divided by 1903?
1643
What is the remainder when 115334 is divided by 57483?
368
Calculate the remainder when 514801 is divided by 650.
1
Calculate the remainder when 29560363 is divided by 15.
13
What is the remainder when 1124278 is divided by 22044?
34
What is the remainder when 252354 is divided by 126004?
346
What is the remainder when 143253 is divided by 1505?
278
Calculate the remainder when 795748 is divided by 6903.
1903
Calculate the remainder when 958745 is divided by 958515.
230
What is the remainder when 97638 is divided by 850?
738
Calculate the remainder when 773694 is divided by 110489.
271
What is the remainder when 137956 is divided by 9842?
168
What is the remainder when 984667 is divided by 564?
487
Calculate the remainder when 15766312 is divided by 52034.
10
Calculate the remainder when 1038326 is divided by 61056.
374
Calculate the remainder when 11879825 is divided by 254.
245
What is the remainder when 128277 is divided by 127052?
1225
What is the remainder when 477584 is divided by 21688?
448
What is the remainder when 540302 is divided by 45024?
14
What is the remainder when 1354873 is divided by 14726?
81
What is the remainder when 24238 is divided by 5746?
1254
What is the remainder when 74935 is divided by 2271?
2263
What is the remainder when 269093 is divided by 134389?
315
What is the remainder when 317970 is divided by 1410?
720
What is the remainder when 12965139 is divided by 257?
3
Calculate the remainder when 40967064 is divided by 17704.
8
What is the remainder when 1179664 is divided by 39322?
4
What is the remainder when 798 is divided by 70?
28
Calculate the remainder when 186709 is divided by 46636.
165
Calculate the remainder when 256846 is divided by 18306.
562
What is the remainder when 56626 is divided by 137?
45
What is the remainder when 174413 is divided by 34?
27
What is the remainder when 118424481 is divided by 97?
91
What is the remainder when 3635272 is divided by 721?
711
Calculate the remainder when 5805322 is divided by 22500.
322
What is the remainder when 14749735 is divided by 22180?
35
Calculate the remainder when 285625 is divided by 11882.
457
Calculate the remainder when 42876507 is divided by 1141.
9
What is the remainder when 6282 is divided by 2078?
48
What is the remainder when 29707333 is divided by 18946?
5
What is the 